{"id":127,"date":"2013-11-27T12:56:39","date_gmt":"2013-11-27T12:56:39","guid":{"rendered":"http:\/\/tjsokolokresanec.microweb.cz\/?page_id=127"},"modified":"2013-11-27T12:56:39","modified_gmt":"2013-11-27T12:56:39","slug":"200607-2","status":"publish","type":"page","link":"http:\/\/tjsokolokresanec.cz\/?page_id=127","title":{"rendered":"2006\/07"},"content":{"rendered":"<table border=\"0\" rules=\"NONE\" cellspacing=\"0\">\n<col width=\"86\" \/>\n<col width=\"86\" \/>\n<col width=\"57\" \/>\n<col width=\"57\" \/>\n<col width=\"57\" \/>\n<col width=\"57\" \/>\n<col width=\"57\" \/>\n<col width=\"57\" \/>\n<col width=\"57\" \/>\n<tbody>\n<tr>\n<td colspan=\"9\" align=\"LEFT\" width=\"568\" height=\"22\"><b><span style=\"font-family: Times New Roman;font-size: medium\">\u00a0\u00a0TABULKA 2006\/07<\/span><\/b><\/td>\n<\/tr>\n<tr>\n<td align=\"CENTER\" height=\"19\"><b>Rk. <\/b><\/td>\n<td align=\"CENTER\"><b>T\u00fdm<\/b><\/td>\n<td align=\"CENTER\"><b>Z\u00e1p<\/b><\/td>\n<td align=\"CENTER\"><b>+<\/b><\/td>\n<td align=\"CENTER\"><b>0<\/b><\/td>\n<td align=\"CENTER\"><b>&#8211;<\/b><\/td>\n<td align=\"CENTER\"><b>Sk\u00f3re<\/b><\/td>\n<td align=\"CENTER\"><b>Body<\/b><\/td>\n<td align=\"CENTER\"><b>(Prav)<\/b><\/td>\n<\/tr>\n<tr>\n<td align=\"CENTER\" height=\"17\"><b>1.<\/b><\/td>\n<td align=\"CENTER\">SK C\u00edrkvice<\/td>\n<td align=\"CENTER\">22<\/td>\n<td align=\"CENTER\">18<\/td>\n<td align=\"CENTER\">3<\/td>\n<td align=\"CENTER\">1<\/td>\n<td align=\"CENTER\">86: 17<\/td>\n<td align=\"CENTER\">57<\/td>\n<td align=\"CENTER\">( 24)<\/td>\n<\/tr>\n<tr>\n<td align=\"CENTER\" height=\"17\"><b>2.<\/b><\/td>\n<td align=\"CENTER\">Tupadly B<\/td>\n<td align=\"CENTER\">22<\/td>\n<td align=\"CENTER\">15<\/td>\n<td align=\"CENTER\">3<\/td>\n<td align=\"CENTER\">4<\/td>\n<td align=\"CENTER\">71: 21<\/td>\n<td align=\"CENTER\">48<\/td>\n<td align=\"CENTER\">( 15)<\/td>\n<\/tr>\n<tr>\n<td align=\"CENTER\" height=\"17\"><b>3.<\/b><\/td>\n<td align=\"CENTER\">Ka\u010dina<\/td>\n<td align=\"CENTER\">22<\/td>\n<td align=\"CENTER\">14<\/td>\n<td align=\"CENTER\">3<\/td>\n<td align=\"CENTER\">5<\/td>\n<td align=\"CENTER\">56: 26<\/td>\n<td align=\"CENTER\">45<\/td>\n<td align=\"CENTER\">( 12)<\/td>\n<\/tr>\n<tr>\n<td align=\"CENTER\" height=\"17\"><b>4.<\/b><\/td>\n<td align=\"CENTER\">\u017dleby B<\/td>\n<td align=\"CENTER\">22<\/td>\n<td align=\"CENTER\">12<\/td>\n<td align=\"CENTER\">0<\/td>\n<td align=\"CENTER\">10<\/td>\n<td align=\"CENTER\">56: 46<\/td>\n<td align=\"CENTER\">36<\/td>\n<td align=\"CENTER\">( 3)<\/td>\n<\/tr>\n<tr>\n<td align=\"CENTER\" height=\"17\"><b>5.<\/b><\/td>\n<td align=\"CENTER\">Brat\u010dice<\/td>\n<td align=\"CENTER\">22<\/td>\n<td align=\"CENTER\">11<\/td>\n<td align=\"CENTER\">3<\/td>\n<td align=\"CENTER\">8<\/td>\n<td align=\"CENTER\">56: 34<\/td>\n<td align=\"CENTER\">36<\/td>\n<td align=\"CENTER\">( 0)<\/td>\n<\/tr>\n<tr>\n<td align=\"CENTER\" height=\"17\"><b>6.<\/b><\/td>\n<td align=\"CENTER\">\u0160trampouch<\/td>\n<td align=\"CENTER\">22<\/td>\n<td align=\"CENTER\">9<\/td>\n<td align=\"CENTER\">6<\/td>\n<td align=\"CENTER\">7<\/td>\n<td align=\"CENTER\">36: 28<\/td>\n<td align=\"CENTER\">33<\/td>\n<td align=\"CENTER\">( 0)<\/td>\n<\/tr>\n<tr>\n<td align=\"CENTER\" height=\"17\"><b>7.<\/b><\/td>\n<td align=\"CENTER\">Chotusice B<\/td>\n<td align=\"CENTER\">22<\/td>\n<td align=\"CENTER\">7<\/td>\n<td align=\"CENTER\">7<\/td>\n<td align=\"CENTER\">8<\/td>\n<td align=\"CENTER\">42: 53<\/td>\n<td align=\"CENTER\">28<\/td>\n<td align=\"CENTER\">( -5)<\/td>\n<\/tr>\n<tr>\n<td align=\"CENTER\" height=\"17\"><b>8.<\/b><\/td>\n<td align=\"CENTER\">Horu\u0161ice<\/td>\n<td align=\"CENTER\">22<\/td>\n<td align=\"CENTER\">8<\/td>\n<td align=\"CENTER\">2<\/td>\n<td align=\"CENTER\">12<\/td>\n<td align=\"CENTER\">34: 59<\/td>\n<td align=\"CENTER\">26<\/td>\n<td align=\"CENTER\">( -7)<\/td>\n<\/tr>\n<tr>\n<td align=\"CENTER\" height=\"17\"><b>9.<\/b><\/td>\n<td align=\"CENTER\">Z\u00e1bo\u0159\u00ed<\/td>\n<td align=\"CENTER\">22<\/td>\n<td align=\"CENTER\">7<\/td>\n<td align=\"CENTER\">2<\/td>\n<td align=\"CENTER\">13<\/td>\n<td align=\"CENTER\">46: 56<\/td>\n<td align=\"CENTER\">23<\/td>\n<td align=\"CENTER\">(-10)<\/td>\n<\/tr>\n<tr>\n<td align=\"CENTER\" height=\"17\"><b>10.<\/b><\/td>\n<td align=\"CENTER\">Zb\u00fd\u0161ov B<\/td>\n<td align=\"CENTER\">22<\/td>\n<td align=\"CENTER\">6<\/td>\n<td align=\"CENTER\">2<\/td>\n<td align=\"CENTER\">14<\/td>\n<td align=\"CENTER\">28: 60<\/td>\n<td align=\"CENTER\">20<\/td>\n<td align=\"CENTER\">(-13)<\/td>\n<\/tr>\n<tr>\n<td align=\"CENTER\" height=\"17\"><b>11.<\/b><\/td>\n<td align=\"CENTER\">Vlkane\u010d<\/td>\n<td align=\"CENTER\">22<\/td>\n<td align=\"CENTER\">4<\/td>\n<td align=\"CENTER\">3<\/td>\n<td align=\"CENTER\">15<\/td>\n<td align=\"CENTER\">25: 60<\/td>\n<td align=\"CENTER\">15<\/td>\n<td align=\"CENTER\">(-15)<\/td>\n<\/tr>\n<tr>\n<td align=\"CENTER\" height=\"17\"><b>12.<\/b><\/td>\n<td align=\"CENTER\">Ok\u0159esane\u010d<\/td>\n<td align=\"CENTER\">22<\/td>\n<td align=\"CENTER\">4<\/td>\n<td align=\"CENTER\">0<\/td>\n<td align=\"CENTER\">18<\/td>\n<td align=\"CENTER\">16: 92<\/td>\n<td align=\"CENTER\">12<\/td>\n<td align=\"CENTER\">(-21)<\/td>\n<\/tr>\n<\/tbody>\n<\/table>\n<p>xxxxxxxxxxxxxxxxxxxxxxxxxxxxxxxxxxxxxxxxxxxxxxxxxxxxxxxxxxxxxxxxxxxxxxxxxxxxxxxxxxxxxxxxxxxxxxxxxxxxxxxxxxxxxxxxxxxxxxxxxxxxxxxxxxxxxxxxxx<\/p>\n<table border=\"0\" rules=\"NONE\" cellspacing=\"0\">\n<col width=\"86\" \/>\n<col width=\"86\" \/>\n<col width=\"57\" \/>\n<col width=\"57\" \/>\n<col width=\"57\" \/>\n<col width=\"57\" \/>\n<col width=\"57\" \/>\n<col width=\"57\" \/>\n<col width=\"57\" \/>\n<col width=\"57\" \/>\n<col width=\"57\" \/>\n<col width=\"57\" \/>\n<col width=\"57\" \/>\n<col width=\"57\" \/>\n<tbody>\n<tr>\n<td colspan=\"9\" align=\"LEFT\" width=\"568\" height=\"21\"><b><span style=\"font-size: medium\"> K\u0158\u00cd\u017dOV\u00c1 TABULKA<\/span><\/b><\/td>\n<td align=\"LEFT\" width=\"57\"><\/td>\n<td align=\"LEFT\" width=\"57\"><\/td>\n<td align=\"LEFT\" width=\"57\"><\/td>\n<td align=\"LEFT\" width=\"57\"><\/td>\n<td align=\"LEFT\" width=\"57\"><\/td>\n<\/tr>\n<tr>\n<td align=\"CENTER\" bgcolor=\"#FFFF99\" height=\"17\"><\/td>\n<td align=\"CENTER\" bgcolor=\"#FFFF99\"><\/td>\n<td align=\"CENTER\" bgcolor=\"#FFFF99\">1<\/td>\n<td align=\"CENTER\" bgcolor=\"#FFFF99\">2<\/td>\n<td align=\"CENTER\" bgcolor=\"#FFFF99\">3<\/td>\n<td align=\"CENTER\" bgcolor=\"#FFFF99\">4<\/td>\n<td align=\"CENTER\" bgcolor=\"#FFFF99\">5<\/td>\n<td align=\"CENTER\" bgcolor=\"#FFFF99\">6<\/td>\n<td align=\"CENTER\" bgcolor=\"#FFFF99\">7<\/td>\n<td align=\"CENTER\" bgcolor=\"#FFFF99\">8<\/td>\n<td align=\"CENTER\" bgcolor=\"#FFFF99\">9<\/td>\n<td align=\"CENTER\" bgcolor=\"#FFFF99\">10<\/td>\n<td align=\"CENTER\" bgcolor=\"#FFFF99\">11<\/td>\n<td align=\"CENTER\" bgcolor=\"#FFFF99\">12<\/td>\n<\/tr>\n<tr>\n<td align=\"CENTER\" bgcolor=\"#FFFF99\" height=\"17\">1.<\/td>\n<td align=\"CENTER\" bgcolor=\"#FFFF99\">Z\u00e1bo\u0159\u00ed<\/td>\n<td align=\"CENTER\" bgcolor=\"#000000\">&#8212;<\/td>\n<td align=\"CENTER\">2:4<\/td>\n<td align=\"CENTER\">3:2<\/td>\n<td align=\"CENTER\">0:3<\/td>\n<td align=\"CENTER\">0:2<\/td>\n<td align=\"CENTER\">1:0<\/td>\n<td align=\"CENTER\">3:3<\/td>\n<td align=\"CENTER\">3:0<\/td>\n<td align=\"CENTER\">3:0<\/td>\n<td align=\"CENTER\">8:0<\/td>\n<td align=\"CENTER\">0:2<\/td>\n<td align=\"CENTER\">1:2<\/td>\n<\/tr>\n<tr>\n<td align=\"CENTER\" bgcolor=\"#FFFF99\" height=\"17\">2.<\/td>\n<td align=\"CENTER\" bgcolor=\"#FFFF99\">SK C\u00edrkvice<\/td>\n<td align=\"CENTER\">3:2<\/td>\n<td align=\"CENTER\" bgcolor=\"#000000\">&#8212;<\/td>\n<td align=\"CENTER\">3:0<\/td>\n<td align=\"CENTER\">4:1<\/td>\n<td align=\"CENTER\">4:0<\/td>\n<td align=\"CENTER\">2:1<\/td>\n<td align=\"CENTER\">4:0<\/td>\n<td align=\"CENTER\">5:1<\/td>\n<td align=\"CENTER\">6:0<\/td>\n<td align=\"CENTER\">8:0<\/td>\n<td align=\"CENTER\">2:0<\/td>\n<td align=\"CENTER\">5:1<\/td>\n<\/tr>\n<tr>\n<td align=\"CENTER\" bgcolor=\"#FFFF99\" height=\"17\">3.<\/td>\n<td align=\"CENTER\" bgcolor=\"#FFFF99\">\u017dleby B<\/td>\n<td align=\"CENTER\">6:3<\/td>\n<td align=\"CENTER\">2:3<\/td>\n<td align=\"CENTER\" bgcolor=\"#000000\">&#8212;<\/td>\n<td align=\"CENTER\">6:3<\/td>\n<td align=\"CENTER\">2:6<\/td>\n<td align=\"CENTER\">2:0<\/td>\n<td align=\"CENTER\">5:0<\/td>\n<td align=\"CENTER\">5:3<\/td>\n<td align=\"CENTER\">5:3<\/td>\n<td align=\"CENTER\">5:0<\/td>\n<td align=\"CENTER\">2:1<\/td>\n<td align=\"CENTER\">3:2<\/td>\n<\/tr>\n<tr>\n<td align=\"CENTER\" bgcolor=\"#FFFF99\" height=\"17\">4.<\/td>\n<td align=\"CENTER\" bgcolor=\"#FFFF99\">Brat\u010dice<\/td>\n<td align=\"CENTER\">3:0<\/td>\n<td align=\"CENTER\">2:2<\/td>\n<td align=\"CENTER\">2:0<\/td>\n<td align=\"CENTER\" bgcolor=\"#000000\">&#8212;<\/td>\n<td align=\"CENTER\">3:0<\/td>\n<td align=\"CENTER\">0:2<\/td>\n<td align=\"CENTER\">5:0<\/td>\n<td align=\"CENTER\">1:2<\/td>\n<td align=\"CENTER\">7:0<\/td>\n<td align=\"CENTER\">3:0<\/td>\n<td align=\"CENTER\">0:0<\/td>\n<td align=\"CENTER\">3:0<\/td>\n<\/tr>\n<tr>\n<td align=\"CENTER\" bgcolor=\"#FFFF99\" height=\"17\">5.<\/td>\n<td align=\"CENTER\" bgcolor=\"#FFFF99\">Horu\u0161ice<\/td>\n<td align=\"CENTER\">3:0<\/td>\n<td align=\"CENTER\">0:12<\/td>\n<td align=\"CENTER\">1:0<\/td>\n<td align=\"CENTER\">5:2<\/td>\n<td align=\"CENTER\" bgcolor=\"#000000\">&#8212;<\/td>\n<td align=\"CENTER\">0:4<\/td>\n<td align=\"CENTER\">3:0<\/td>\n<td align=\"CENTER\">1:1<\/td>\n<td align=\"CENTER\">1:1<\/td>\n<td align=\"CENTER\">2:0<\/td>\n<td align=\"CENTER\">0:1<\/td>\n<td align=\"CENTER\">0:4<\/td>\n<\/tr>\n<tr>\n<td align=\"CENTER\" bgcolor=\"#FFFF99\" height=\"17\">6.<\/td>\n<td align=\"CENTER\" bgcolor=\"#FFFF99\">Tupadly B<\/td>\n<td align=\"CENTER\">7:1<\/td>\n<td align=\"CENTER\">0:1<\/td>\n<td align=\"CENTER\">3:1<\/td>\n<td align=\"CENTER\">5:3<\/td>\n<td align=\"CENTER\">6:0<\/td>\n<td align=\"CENTER\" bgcolor=\"#000000\">&#8212;<\/td>\n<td align=\"CENTER\">1:1<\/td>\n<td align=\"CENTER\">6:0<\/td>\n<td align=\"CENTER\">7:0<\/td>\n<td align=\"CENTER\">6:2<\/td>\n<td align=\"CENTER\">2:1<\/td>\n<td align=\"CENTER\">2:1<\/td>\n<\/tr>\n<tr>\n<td align=\"CENTER\" bgcolor=\"#FFFF99\" height=\"17\">7.<\/td>\n<td align=\"CENTER\" bgcolor=\"#FFFF99\">Vlkane\u010d<\/td>\n<td align=\"CENTER\">4:2<\/td>\n<td align=\"CENTER\">1:5<\/td>\n<td align=\"CENTER\">0:2<\/td>\n<td align=\"CENTER\"><\/td>\n<td align=\"CENTER\">1:5<\/td>\n<td align=\"CENTER\">0:1<\/td>\n<td align=\"CENTER\" bgcolor=\"#000000\">&#8212;<\/td>\n<td align=\"CENTER\">0:2<\/td>\n<td align=\"CENTER\">1:2<\/td>\n<td align=\"CENTER\">2:0<\/td>\n<td align=\"CENTER\">0:0<\/td>\n<td align=\"CENTER\">0:3<\/td>\n<\/tr>\n<tr>\n<td align=\"CENTER\" bgcolor=\"#FFFF99\" height=\"17\">8.<\/td>\n<td align=\"CENTER\" bgcolor=\"#FFFF99\">Chotusice B<\/td>\n<td align=\"CENTER\">1:1<\/td>\n<td align=\"CENTER\">0:0<\/td>\n<td align=\"CENTER\">3:5<\/td>\n<td align=\"CENTER\">2:2<\/td>\n<td align=\"CENTER\">4:2<\/td>\n<td align=\"CENTER\">2:5<\/td>\n<td align=\"CENTER\">5:3<\/td>\n<td align=\"CENTER\" bgcolor=\"#000000\">&#8212;<\/td>\n<td align=\"CENTER\">2:3<\/td>\n<td align=\"CENTER\">5:1<\/td>\n<td align=\"CENTER\">1:1<\/td>\n<td align=\"CENTER\">4:3<\/td>\n<\/tr>\n<tr>\n<td align=\"CENTER\" bgcolor=\"#FFFF99\" height=\"17\">9.<\/td>\n<td align=\"CENTER\" bgcolor=\"#FFFF99\">Zb\u00fd\u0161ov B<\/td>\n<td align=\"CENTER\">5:1<\/td>\n<td align=\"CENTER\">2:4<\/td>\n<td align=\"CENTER\">2:0<\/td>\n<td align=\"CENTER\">1:2<\/td>\n<td align=\"CENTER\">3:0<\/td>\n<td align=\"CENTER\">1:3<\/td>\n<td align=\"CENTER\">1:0<\/td>\n<td align=\"CENTER\">1:2<\/td>\n<td align=\"CENTER\" bgcolor=\"#000000\">&#8212;<\/td>\n<td align=\"CENTER\">1:2<\/td>\n<td align=\"CENTER\">0:0<\/td>\n<td align=\"CENTER\">0:4<\/td>\n<\/tr>\n<tr>\n<td align=\"CENTER\" bgcolor=\"#FFFF99\" height=\"17\">10.<\/td>\n<td align=\"CENTER\" bgcolor=\"#FFFF99\">Ok\u0159esane\u010d<\/td>\n<td align=\"CENTER\">1:3<\/td>\n<td align=\"CENTER\">0:8<\/td>\n<td align=\"CENTER\">0:3<\/td>\n<td align=\"CENTER\">0:5<\/td>\n<td align=\"CENTER\">2:1<\/td>\n<td align=\"CENTER\">1:9<\/td>\n<td align=\"CENTER\">1:5<\/td>\n<td align=\"CENTER\">3:0<\/td>\n<td align=\"CENTER\">2:1<\/td>\n<td align=\"CENTER\" bgcolor=\"#000000\">&#8212;<\/td>\n<td align=\"CENTER\">0:1<\/td>\n<td align=\"CENTER\">0:9<\/td>\n<\/tr>\n<tr>\n<td align=\"CENTER\" bgcolor=\"#FFFF99\" height=\"17\">11.<\/td>\n<td align=\"CENTER\" bgcolor=\"#FFFF99\">\u0160trampouch<\/td>\n<td align=\"CENTER\">2:8<\/td>\n<td align=\"CENTER\">1:0<\/td>\n<td align=\"CENTER\">3:0<\/td>\n<td align=\"CENTER\">2:0<\/td>\n<td align=\"CENTER\">3:1<\/td>\n<td align=\"CENTER\">1:1<\/td>\n<td align=\"CENTER\">2:3<\/td>\n<td align=\"CENTER\">1:1<\/td>\n<td align=\"CENTER\">6:0<\/td>\n<td align=\"CENTER\">6:1<\/td>\n<td align=\"CENTER\" bgcolor=\"#000000\">&#8212;<\/td>\n<td align=\"CENTER\">1:2<\/td>\n<\/tr>\n<tr>\n<td align=\"CENTER\" bgcolor=\"#FFFF99\" height=\"17\">12.<\/td>\n<td align=\"CENTER\" bgcolor=\"#FFFF99\">Ka\u010dina<\/td>\n<td align=\"CENTER\">3:1<\/td>\n<td align=\"CENTER\">1:1<\/td>\n<td align=\"CENTER\">2:0<\/td>\n<td align=\"CENTER\">3:0<\/td>\n<td align=\"CENTER\">6:1<\/td>\n<td align=\"CENTER\">0:0<\/td>\n<td align=\"CENTER\">2:1<\/td>\n<td align=\"CENTER\">1:1<\/td>\n<td align=\"CENTER\">2:1<\/td>\n<td align=\"CENTER\">1:0<\/td>\n<td align=\"CENTER\">4:1<\/td>\n<td align=\"CENTER\" bgcolor=\"#000000\">&#8212;<\/td>\n<\/tr>\n<\/tbody>\n<\/table>\n<p>zdroj : http:\/\/nv.fotbal.cz\/<\/p>\n<div><\/div>\n","protected":false},"excerpt":{"rendered":"<p>\u00a0\u00a0TABULKA 2006\/07 Rk. T\u00fdm Z\u00e1p + 0 &#8211; Sk\u00f3re Body (Prav) 1. SK C\u00edrkvice 22 18 3 1 86: 17 57 ( 24) 2. Tupadly B 22 15 3 4 71: 21 48 ( 15) 3. Ka\u010dina 22 14 3 5 56: 26 45 ( 12) 4. \u017dleby B 22 12 0 10 56: 46 [&hellip;]<\/p>\n","protected":false},"author":1,"featured_media":0,"parent":1177,"menu_order":23,"comment_status":"closed","ping_status":"closed","template":"","meta":{"ngg_post_thumbnail":0,"footnotes":""},"class_list":["post-127","page","type-page","status-publish","hentry"],"_links":{"self":[{"href":"http:\/\/tjsokolokresanec.cz\/index.php?rest_route=\/wp\/v2\/pages\/127","targetHints":{"allow":["GET"]}}],"collection":[{"href":"http:\/\/tjsokolokresanec.cz\/index.php?rest_route=\/wp\/v2\/pages"}],"about":[{"href":"http:\/\/tjsokolokresanec.cz\/index.php?rest_route=\/wp\/v2\/types\/page"}],"author":[{"embeddable":true,"href":"http:\/\/tjsokolokresanec.cz\/index.php?rest_route=\/wp\/v2\/users\/1"}],"replies":[{"embeddable":true,"href":"http:\/\/tjsokolokresanec.cz\/index.php?rest_route=%2Fwp%2Fv2%2Fcomments&post=127"}],"version-history":[{"count":0,"href":"http:\/\/tjsokolokresanec.cz\/index.php?rest_route=\/wp\/v2\/pages\/127\/revisions"}],"up":[{"embeddable":true,"href":"http:\/\/tjsokolokresanec.cz\/index.php?rest_route=\/wp\/v2\/pages\/1177"}],"wp:attachment":[{"href":"http:\/\/tjsokolokresanec.cz\/index.php?rest_route=%2Fwp%2Fv2%2Fmedia&parent=127"}],"curies":[{"name":"wp","href":"https:\/\/api.w.org\/{rel}","templated":true}]}}